[INFO] cloning repository https://github.com/jonfk/jonfk-ca-personal-site-generator
[INFO] running `Command { std: "git" "-c" "credential.helper=" "-c" "credential.helper=/workspace/cargo-home/bin/git-credential-null" "clone" "--bare" "https://github.com/jonfk/jonfk-ca-personal-site-generator" "/workspace/cache/git-repos/https%3A%2F%2Fgithub.com%2Fjonfk%2Fjonfk-ca-personal-site-generator", kill_on_drop: false }`
[INFO] [stderr] Cloning into bare repository '/workspace/cache/git-repos/https%3A%2F%2Fgithub.com%2Fjonfk%2Fjonfk-ca-personal-site-generator'...
[INFO] running `Command { std: "git" "rev-parse" "HEAD", kill_on_drop: false }`
[INFO] [stdout] 2a02d696aa48646bacbd8e55d99416e637583c62
[INFO] checking jonfk/jonfk-ca-personal-site-generator against try#72f88fc4e9458f89516a0b8b0868f3718aec5b47 for pr-74989
[INFO] running `Command { std: "git" "clone" "/workspace/cache/git-repos/https%3A%2F%2Fgithub.com%2Fjonfk%2Fjonfk-ca-personal-site-generator" "/workspace/builds/worker-8/source", kill_on_drop: false }`
[INFO] [stderr] Cloning into '/workspace/builds/worker-8/source'...
[INFO] [stderr] done.
[INFO] validating manifest of git repo https://github.com/jonfk/jonfk-ca-personal-site-generator on toolchain 72f88fc4e9458f89516a0b8b0868f3718aec5b47
[INFO] running `Command { std: "/workspace/cargo-home/bin/cargo" "+72f88fc4e9458f89516a0b8b0868f3718aec5b47" "read-manifest" "--manifest-path" "Cargo.toml", kill_on_drop: false }`
[INFO] started tweaking git repo https://github.com/jonfk/jonfk-ca-personal-site-generator
[INFO] removed path dependency rodin from git repo https://github.com/jonfk/jonfk-ca-personal-site-generator
[INFO] finished tweaking git repo https://github.com/jonfk/jonfk-ca-personal-site-generator
[INFO] tweaked toml for git repo https://github.com/jonfk/jonfk-ca-personal-site-generator written to /workspace/builds/worker-8/source/Cargo.toml
[INFO] crate git repo https://github.com/jonfk/jonfk-ca-personal-site-generator already has a lockfile, it will not be regenerated
[INFO] running `Command { std: "/workspace/cargo-home/bin/cargo" "+72f88fc4e9458f89516a0b8b0868f3718aec5b47" "fetch" "--locked" "--manifest-path" "Cargo.toml", kill_on_drop: false }`
[INFO] [stderr] warning: dependency (rodin) specified without providing a local path, Git repository, or version to use. This will be considered an error in future versions
[INFO] [stderr]     Updating crates.io index
[INFO] [stderr] error: the lock file /workspace/builds/worker-8/source/Cargo.lock needs to be updated but --locked was passed to prevent this
[INFO] [stderr] If you want to try to generate the lock file without accessing the network, use the --offline flag.
[INFO] the lockfile is outdated, regenerating it
[INFO] running `Command { std: "/workspace/cargo-home/bin/cargo" "+72f88fc4e9458f89516a0b8b0868f3718aec5b47" "generate-lockfile" "--manifest-path" "Cargo.toml" "-Zno-index-update", kill_on_drop: false }`
[INFO] [stderr]     Blocking waiting for file lock on package cache
[INFO] running `Command { std: "/workspace/cargo-home/bin/cargo" "+72f88fc4e9458f89516a0b8b0868f3718aec5b47" "fetch" "--locked" "--manifest-path" "Cargo.toml", kill_on_drop: false }`
[INFO] [stderr] warning: dependency (rodin) specified without providing a local path, Git repository, or version to use. This will be considered an error in future versions
[INFO] [stderr]     Blocking waiting for file lock on package cache
[INFO] running `Command { std: "docker" "create" "-v" "/var/lib/crater-agent-workspace/builds/worker-8/target:/opt/rustwide/target:rw,Z" "-v" "/var/lib/crater-agent-workspace/builds/worker-8/source:/opt/rustwide/workdir:ro,Z" "-v" "/var/lib/crater-agent-workspace/cargo-home:/opt/rustwide/cargo-home:ro,Z" "-v" "/var/lib/crater-agent-workspace/rustup-home:/opt/rustwide/rustup-home:ro,Z" "-e" "SOURCE_DIR=/opt/rustwide/workdir" "-e" "CARGO_TARGET_DIR=/opt/rustwide/target" "-e" "CARGO_HOME=/opt/rustwide/cargo-home" "-e" "RUSTUP_HOME=/opt/rustwide/rustup-home" "-w" "/opt/rustwide/workdir" "-m" "1610612736" "--user" "0:0" "--network" "none" "rustops/crates-build-env@sha256:d92eaeed33fa75130ca1ee6c8a01d1ffb62bac859dfdfb3450e3e5d1c0146529" "/opt/rustwide/cargo-home/bin/cargo" "+72f88fc4e9458f89516a0b8b0868f3718aec5b47" "metadata" "--no-deps" "--format-version=1", kill_on_drop: false }`
[INFO] [stdout] 57ea2aebbbd07e25ba79bd1a13a99621a84d836a30d05875b374670bbdf9193c
[INFO] [stderr] WARNING: Your kernel does not support swap limit capabilities or the cgroup is not mounted. Memory limited without swap.
[INFO] running `Command { std: "docker" "start" "-a" "57ea2aebbbd07e25ba79bd1a13a99621a84d836a30d05875b374670bbdf9193c", kill_on_drop: false }`
[INFO] running `Command { std: "docker" "inspect" "57ea2aebbbd07e25ba79bd1a13a99621a84d836a30d05875b374670bbdf9193c", kill_on_drop: false }`
[INFO] running `Command { std: "docker" "rm" "-f" "57ea2aebbbd07e25ba79bd1a13a99621a84d836a30d05875b374670bbdf9193c", kill_on_drop: false }`
[INFO] [stdout] 57ea2aebbbd07e25ba79bd1a13a99621a84d836a30d05875b374670bbdf9193c
[INFO] running `Command { std: "docker" "create" "-v" "/var/lib/crater-agent-workspace/builds/worker-8/target:/opt/rustwide/target:rw,Z" "-v" "/var/lib/crater-agent-workspace/builds/worker-8/source:/opt/rustwide/workdir:ro,Z" "-v" "/var/lib/crater-agent-workspace/cargo-home:/opt/rustwide/cargo-home:ro,Z" "-v" "/var/lib/crater-agent-workspace/rustup-home:/opt/rustwide/rustup-home:ro,Z" "-e" "SOURCE_DIR=/opt/rustwide/workdir" "-e" "CARGO_TARGET_DIR=/opt/rustwide/target" "-e" "CARGO_INCREMENTAL=0" "-e" "RUST_BACKTRACE=full" "-e" "RUSTFLAGS=--cap-lints=forbid" "-e" "CARGO_HOME=/opt/rustwide/cargo-home" "-e" "RUSTUP_HOME=/opt/rustwide/rustup-home" "-w" "/opt/rustwide/workdir" "-m" "1610612736" "--user" "0:0" "--network" "none" "rustops/crates-build-env@sha256:d92eaeed33fa75130ca1ee6c8a01d1ffb62bac859dfdfb3450e3e5d1c0146529" "/opt/rustwide/cargo-home/bin/cargo" "+72f88fc4e9458f89516a0b8b0868f3718aec5b47" "check" "--frozen" "--all" "--all-targets" "--message-format=json", kill_on_drop: false }`
[INFO] [stdout] a11fb315baf91d299d6177edea6218a91b75e1676bc4056bec457b6aed39d272
[INFO] [stderr] WARNING: Your kernel does not support swap limit capabilities or the cgroup is not mounted. Memory limited without swap.
[INFO] running `Command { std: "docker" "start" "-a" "a11fb315baf91d299d6177edea6218a91b75e1676bc4056bec457b6aed39d272", kill_on_drop: false }`
[INFO] [stderr] warning: dependency (rodin) specified without providing a local path, Git repository, or version to use. This will be considered an error in future versions
[INFO] [stderr]     Blocking waiting for file lock on package cache
[INFO] [stderr]    Compiling proc-macro2 v1.0.21
[INFO] [stderr]    Compiling unicode-xid v0.2.1
[INFO] [stderr]    Compiling autocfg v0.1.7
[INFO] [stderr]    Compiling syn v1.0.41
[INFO] [stderr]    Compiling version_check v0.9.2
[INFO] [stderr]    Compiling memchr v2.3.3
[INFO] [stderr]    Compiling serde_derive v1.0.116
[INFO] [stderr]    Compiling byteorder v1.3.4
[INFO] [stderr]    Compiling typenum v1.12.0
[INFO] [stderr]    Compiling serde v1.0.116
[INFO] [stderr]    Compiling lazy_static v1.4.0
[INFO] [stderr]    Compiling string_cache_shared v0.3.0
[INFO] [stderr]    Compiling byte-tools v0.3.1
[INFO] [stderr]    Compiling cfg-if v0.1.10
[INFO] [stderr]    Compiling regex-syntax v0.6.18
[INFO] [stderr]    Compiling fake-simd v0.1.2
[INFO] [stderr]    Compiling opaque-debug v0.2.3
[INFO] [stderr]    Compiling either v1.6.0
[INFO] [stderr]    Compiling new_debug_unreachable v1.0.4
[INFO] [stderr]    Compiling strsim v0.9.3
[INFO] [stderr]    Compiling ordermap v0.3.5
[INFO] [stderr]    Compiling bit-vec v0.6.2
[INFO] [stderr]    Compiling precomputed-hash v0.1.1
[INFO] [stderr]    Compiling fixedbitset v0.1.9
[INFO] [stderr]    Compiling unicode-xid v0.1.0
[INFO] [stderr]    Compiling lalrpop-util v0.17.2
[INFO] [stderr]     Checking unicode-width v0.1.8
[INFO] [stderr]    Compiling diff v0.1.12
[INFO] [stderr]    Compiling unicode-segmentation v1.6.0
[INFO] [stderr]    Compiling bitflags v1.2.1
[INFO] [stderr]    Compiling proc-macro-nested v0.1.6
[INFO] [stderr]     Checking matches v0.1.8
[INFO] [stderr]     Checking linked-hash-map v0.5.3
[INFO] [stderr]     Checking ansi_term v0.11.0
[INFO] [stderr]     Checking vec_map v0.8.2
[INFO] [stderr]     Checking quick-error v1.2.3
[INFO] [stderr]     Checking strsim v0.8.0
[INFO] [stderr]    Compiling anyhow v1.0.32
[INFO] [stderr]    Compiling pulldown-cmark v0.6.1
[INFO] [stderr]    Compiling ansi_term v0.12.1
[INFO] [stderr]    Compiling proc-macro-hack v0.5.18
[INFO] [stderr]     Checking language-tags v0.2.2
[INFO] [stderr]     Checking percent-encoding v2.1.0
[INFO] [stderr]     Checking mime v0.3.16
[INFO] [stderr]     Checking strum v0.17.1
[INFO] [stderr]     Checking htmlescape v0.3.1
[INFO] [stderr]     Checking termcolor v1.1.0
[INFO] [stderr]     Checking dtoa v0.4.6
[INFO] [stderr]     Checking rodin v0.0.0
[INFO] [stderr]    Compiling block-padding v0.1.5
[INFO] [stderr]    Compiling num-traits v0.2.12
[INFO] [stderr]    Compiling num-integer v0.1.43
[INFO] [stderr]    Compiling thread_local v1.0.1
[INFO] [stderr]    Compiling itertools v0.8.2
[INFO] [stderr]    Compiling bit-set v0.5.2
[INFO] [stderr]     Checking textwrap v0.11.0
[INFO] [stderr]     Checking getopts v0.2.21
[INFO] [stderr]    Compiling petgraph v0.4.13
[INFO] [stderr]     Checking unicode-bidi v0.3.4
[INFO] [stderr]    Compiling proc-macro-error-attr v1.0.4
[INFO] [stderr]    Compiling proc-macro-error v1.0.4
[INFO] [stderr]    Compiling unicase v2.6.0
[INFO] [stderr]     Checking humantime v1.3.0
[INFO] [stderr]    Compiling rand_pcg v0.1.2
[INFO] [stderr]    Compiling rand_chacha v0.1.1
[INFO] [stderr]    Compiling rand v0.6.5
[INFO] [stderr]     Checking yaml-rust v0.4.4
[INFO] [stderr]    Compiling libc v0.2.77
[INFO] [stderr]    Compiling log v0.4.11
[INFO] [stderr]    Compiling heck v0.3.1
[INFO] [stderr]     Checking idna v0.2.0
[INFO] [stderr]     Checking atty v0.2.14
[INFO] [stderr]    Compiling ena v0.13.1
[INFO] [stderr]     Checking aho-corasick v0.7.13
[INFO] [stderr]     Checking clap v2.33.3
[INFO] [stderr]    Compiling quote v1.0.7
[INFO] [stderr]    Compiling rand_os v0.1.3
[INFO] [stderr]    Compiling dirs v1.0.5
[INFO] [stderr]     Checking url v2.1.1
[INFO] [stderr]    Compiling term v0.5.2
[INFO] [stderr]    Compiling generic-array v0.12.3
[INFO] [stderr]     Checking chrono v0.4.15
[INFO] [stderr]    Compiling block-buffer v0.7.3
[INFO] [stderr]    Compiling digest v0.8.1
[INFO] [stderr]    Compiling ascii-canvas v2.0.0
[INFO] [stderr]    Compiling sha2 v0.8.2
[INFO] [stderr]    Compiling regex v1.3.9
[INFO] [stderr]    Compiling phf_generator v0.7.24
[INFO] [stderr]    Compiling string_cache_codegen v0.4.4
[INFO] [stderr]    Compiling string_cache v0.7.5
[INFO] [stderr]     Checking env_logger v0.7.1
[INFO] [stderr]    Compiling structopt-derive v0.4.10
[INFO] [stderr]    Compiling strum_macros v0.17.1
[INFO] [stderr]     Checking structopt v0.3.17
[INFO] [stderr]     Checking serde_yaml v0.8.13
[INFO] [stderr]    Compiling docopt v1.1.0
[INFO] [stderr]    Compiling lalrpop v0.17.2
[INFO] [stderr]    Compiling typed-html-macros v0.2.2
[INFO] [stderr]     Checking typed-html v0.2.2
[INFO] [stderr]     Checking jonfk_ca v0.1.0 (/opt/rustwide/workdir)
[INFO] [stdout] error[E0432]: unresolved imports `rodin::OneTimeGenerator`, `rodin::Page`, `rodin::SiteVariables`
[INFO] [stdout]  --> src/homepage.rs:5:13
[INFO] [stdout]   |
[INFO] [stdout] 5 | use rodin::{OneTimeGenerator, Page, SiteVariables};
[INFO] [stdout]   |             ^^^^^^^^^^^^^^^^  ^^^^  ^^^^^^^^^^^^^ no `SiteVariables` in the root
[INFO] [stdout]   |             |                 |
[INFO] [stdout]   |             |                 no `Page` in the root
[INFO] [stdout]   |             no `OneTimeGenerator` in the root
[INFO] [stdout] 
[INFO] [stdout] 
[INFO] [stdout] error[E0432]: unresolved imports `rodin::fs_util`, `rodin::ContentGenerator`, `rodin::ContentParser`, `rodin::File`, `rodin::Page`, `rodin::SiteVariables`
[INFO] [stdout]  --> src/html_pages.rs:6:5
[INFO] [stdout]   |
[INFO] [stdout] 6 |     fs_util::format_title_filename, ContentGenerator, ContentParser, File, Page, SiteVariables,
[INFO] [stdout]   |     ^^^^^^^                         ^^^^^^^^^^^^^^^^  ^^^^^^^^^^^^^  ^^^^  ^^^^  ^^^^^^^^^^^^^ no `SiteVariables` in the root
[INFO] [stdout]   |     |                               |                 |              |     |
[INFO] [stdout]   |     |                               |                 |              |     no `Page` in the root
[INFO] [stdout]   |     |                               |                 |              no `File` in the root
[INFO] [stdout]   |     |                               |                 no `ContentParser` in the root
[INFO] [stdout]   |     |                               no `ContentGenerator` in the root
[INFO] [stdout]   |     could not find `fs_util` in `rodin`
[INFO] [stdout] 
[INFO] [stdout] 
[INFO] [stdout] error[E0432]: unresolved imports `rodin::fs_util`, `rodin::ContentGenerator`, `rodin::ContentParser`, `rodin::File`, `rodin::Page`, `rodin::SiteVariables`
[INFO] [stdout]  --> src/posts.rs:6:5
[INFO] [stdout]   |
[INFO] [stdout] 6 |     fs_util::format_title_filename, ContentGenerator, ContentParser, File, Page, SiteVariables,
[INFO] [stdout]   |     ^^^^^^^                         ^^^^^^^^^^^^^^^^  ^^^^^^^^^^^^^  ^^^^  ^^^^  ^^^^^^^^^^^^^ no `SiteVariables` in the root
[INFO] [stdout]   |     |                               |                 |              |     |
[INFO] [stdout]   |     |                               |                 |              |     no `Page` in the root
[INFO] [stdout]   |     |                               |                 |              no `File` in the root
[INFO] [stdout]   |     |                               |                 no `ContentParser` in the root
[INFO] [stdout]   |     |                               no `ContentGenerator` in the root
[INFO] [stdout]   |     could not find `fs_util` in `rodin`
[INFO] [stdout] 
[INFO] [stdout] 
[INFO] [stdout] error[E0432]: unresolved import `rodin::Rodin`
[INFO] [stdout]   --> src/lib.rs:16:5
[INFO] [stdout]    |
[INFO] [stdout] 16 | use rodin::Rodin;
[INFO] [stdout]    |     ^^^^^^^^^^^^ no `Rodin` in the root
[INFO] [stdout] 
[INFO] [stdout] 
[INFO] [stdout] error[E0432]: unresolved imports `rodin::OneTimeGenerator`, `rodin::Page`, `rodin::SiteVariables`
[INFO] [stdout]  --> src/homepage.rs:5:13
[INFO] [stdout]   |
[INFO] [stdout] 5 | use rodin::{OneTimeGenerator, Page, SiteVariables};
[INFO] [stdout]   |             ^^^^^^^^^^^^^^^^  ^^^^  ^^^^^^^^^^^^^ no `SiteVariables` in the root
[INFO] [stdout]   |             |                 |
[INFO] [stdout]   |             |                 no `Page` in the root
[INFO] [stdout]   |             no `OneTimeGenerator` in the root
[INFO] [stdout] 
[INFO] [stdout] 
[INFO] [stdout] error[E0432]: unresolved imports `rodin::fs_util`, `rodin::ContentGenerator`, `rodin::ContentParser`, `rodin::File`, `rodin::Page`, `rodin::SiteVariables`
[INFO] [stdout]  --> src/html_pages.rs:6:5
[INFO] [stdout]   |
[INFO] [stdout] 6 |     fs_util::format_title_filename, ContentGenerator, ContentParser, File, Page, SiteVariables,
[INFO] [stdout]   |     ^^^^^^^                         ^^^^^^^^^^^^^^^^  ^^^^^^^^^^^^^  ^^^^  ^^^^  ^^^^^^^^^^^^^ no `SiteVariables` in the root
[INFO] [stdout]   |     |                               |                 |              |     |
[INFO] [stdout]   |     |                               |                 |              |     no `Page` in the root
[INFO] [stdout]   |     |                               |                 |              no `File` in the root
[INFO] [stdout]   |     |                               |                 no `ContentParser` in the root
[INFO] [stdout]   |     |                               no `ContentGenerator` in the root
[INFO] [stdout]   |     could not find `fs_util` in `rodin`
[INFO] [stdout] 
[INFO] [stdout] 
[INFO] [stdout] error[E0432]: unresolved imports `rodin::fs_util`, `rodin::ContentGenerator`, `rodin::ContentParser`, `rodin::File`, `rodin::Page`, `rodin::SiteVariables`
[INFO] [stdout]  --> src/posts.rs:6:5
[INFO] [stdout]   |
[INFO] [stdout] 6 |     fs_util::format_title_filename, ContentGenerator, ContentParser, File, Page, SiteVariables,
[INFO] [stdout]   |     ^^^^^^^                         ^^^^^^^^^^^^^^^^  ^^^^^^^^^^^^^  ^^^^  ^^^^  ^^^^^^^^^^^^^ no `SiteVariables` in the root
[INFO] [stdout]   |     |                               |                 |              |     |
[INFO] [stdout]   |     |                               |                 |              |     no `Page` in the root
[INFO] [stdout]   |     |                               |                 |              no `File` in the root
[INFO] [stdout]   |     |                               |                 no `ContentParser` in the root
[INFO] [stdout]   |     |                               no `ContentGenerator` in the root
[INFO] [stdout]   |     could not find `fs_util` in `rodin`
[INFO] [stdout] 
[INFO] [stdout] 
[INFO] [stdout] error[E0432]: unresolved import `rodin::Rodin`
[INFO] [stdout]   --> src/lib.rs:16:5
[INFO] [stdout]    |
[INFO] [stdout] 16 | use rodin::Rodin;
[INFO] [stdout]    |     ^^^^^^^^^^^^ no `Rodin` in the root
[INFO] [stdout] 
[INFO] [stdout] 
[INFO] [stdout] error: aborting due to 4 previous errors
[INFO] [stdout] 
[INFO] [stdout] 
[INFO] [stdout] For more information about this error, try `rustc --explain E0432`.
[INFO] [stdout] 
[INFO] [stderr] error: could not compile `jonfk_ca`.
[INFO] [stderr] 
[INFO] [stderr] To learn more, run the command again with --verbose.
[INFO] [stderr] warning: build failed, waiting for other jobs to finish...
[INFO] [stdout] error: aborting due to 4 previous errors
[INFO] [stdout] 
[INFO] [stdout] 
[INFO] [stdout] For more information about this error, try `rustc --explain E0432`.
[INFO] [stdout] 
[INFO] [stderr] error: build failed
[INFO] running `Command { std: "docker" "inspect" "a11fb315baf91d299d6177edea6218a91b75e1676bc4056bec457b6aed39d272", kill_on_drop: false }`
[INFO] running `Command { std: "docker" "rm" "-f" "a11fb315baf91d299d6177edea6218a91b75e1676bc4056bec457b6aed39d272", kill_on_drop: false }`
[INFO] [stdout] a11fb315baf91d299d6177edea6218a91b75e1676bc4056bec457b6aed39d272
